{"version":"1.0","provider_name":"VareseNews","provider_url":"https:\/\/www.varesenews.it","author_name":"Redazione VareseNews","author_url":"https:\/\/www.varesenews.it\/persona\/redazione1\/","title":"Primo consiglio comunale per il nuovo sindaco","type":"rich","width":600,"height":338,"html":"<blockquote class=\"wp-embedded-content\" data-secret=\"APToX4ZaaB\"><a href=\"https:\/\/www.varesenews.it\/2012\/06\/primo-consiglio-comunale-per-il-nuovo-sindaco\/86465\/\">Primo consiglio comunale per il nuovo sindaco<\/a><\/blockquote><iframe sandbox=\"allow-scripts\" security=\"restricted\" src=\"https:\/\/www.varesenews.it\/2012\/06\/primo-consiglio-comunale-per-il-nuovo-sindaco\/86465\/embed\/#?secret=APToX4ZaaB\" width=\"600\" height=\"338\" title=\"&#8220;Primo consiglio comunale per il nuovo sindaco&#8221; &#8212; VareseNews\" data-secret=\"APToX4ZaaB\" frameborder=\"0\" marginwidth=\"0\" marginheight=\"0\" scrolling=\"no\" class=\"wp-embedded-content\"><\/iframe><script type=\"text\/javascript\">\n\/* <![CDATA[ *\/\n\/*! This file is auto-generated *\/\n!function(d,l){\"use strict\";l.querySelector&&d.addEventListener&&\"undefined\"!=typeof URL&&(d.wp=d.wp||{},d.wp.receiveEmbedMessage||(d.wp.receiveEmbedMessage=function(e){var t=e.data;if((t||t.secret||t.message||t.value)&&!\/[^a-zA-Z0-9]\/.test(t.secret)){for(var s,r,n,a=l.querySelectorAll('iframe[data-secret=\"'+t.secret+'\"]'),o=l.querySelectorAll('blockquote[data-secret=\"'+t.secret+'\"]'),c=new RegExp(\"^https?:$\",\"i\"),i=0;i<o.length;i++)o[i].style.display=\"none\";for(i=0;i<a.length;i++)s=a[i],e.source===s.contentWindow&&(s.removeAttribute(\"style\"),\"height\"===t.message?(1e3<(r=parseInt(t.value,10))?r=1e3:~~r<200&&(r=200),s.height=r):\"link\"===t.message&&(r=new URL(s.getAttribute(\"src\")),n=new URL(t.value),c.test(n.protocol))&&n.host===r.host&&l.activeElement===s&&(d.top.location.href=t.value))}},d.addEventListener(\"message\",d.wp.receiveEmbedMessage,!1),l.addEventListener(\"DOMContentLoaded\",function(){for(var e,t,s=l.querySelectorAll(\"iframe.wp-embedded-content\"),r=0;r<s.length;r++)(t=(e=s[r]).getAttribute(\"data-secret\"))||(t=Math.random().toString(36).substring(2,12),e.src+=\"#?secret=\"+t,e.setAttribute(\"data-secret\",t)),e.contentWindow.postMessage({message:\"ready\",secret:t},\"*\")},!1)))}(window,document);\n\/* ]]> *\/\n<\/script>\n","description":"Prima seduta d'insediamento luned\u00ec 11 giugno alle 20,30. Per favorire la partecipazione dei cittadini sar\u00e0 allestito un maxi schermo nella Sala Stemmi di Palazzo Malinverni oppure si potr\u00e0 seguire in streaming sul sito del comune"}

Prima seduta d'insediamento lunedì 11 giugno alle 20,30. Per favorire la partecipazione dei cittadini sarà allestito un maxi schermo nella Sala Stemmi di Palazzo Malinverni oppure si potrà seguire in streaming sul sito del comune
