{"version":"1.0","provider_name":"VareseNews","provider_url":"https:\/\/www.varesenews.it","author_name":"Redazione VareseNews","author_url":"https:\/\/www.varesenews.it\/persona\/redazione1\/","title":"Giuseppe Redaelli guider\u00e0 l'Autodromo di Monza","type":"rich","width":600,"height":338,"html":"<blockquote class=\"wp-embedded-content\" data-secret=\"41aVoCF3hz\"><a href=\"https:\/\/www.varesenews.it\/2017\/05\/giuseppe-redaelli-alla-guida-dellautodromo-di-monza\/618108\/\">Giuseppe Redaelli guider\u00e0 l&#8217;Autodromo di Monza<\/a><\/blockquote><iframe sandbox=\"allow-scripts\" security=\"restricted\" src=\"https:\/\/www.varesenews.it\/2017\/05\/giuseppe-redaelli-alla-guida-dellautodromo-di-monza\/618108\/embed\/#?secret=41aVoCF3hz\" width=\"600\" height=\"338\" title=\"&#8220;Giuseppe Redaelli guider\u00e0 l&#8217;Autodromo di Monza&#8221; &#8212; VareseNews\" data-secret=\"41aVoCF3hz\" frameborder=\"0\" marginwidth=\"0\" marginheight=\"0\" scrolling=\"no\" class=\"wp-embedded-content\"><\/iframe><script type=\"text\/javascript\">\n\/* <![CDATA[ *\/\n\/*! This file is auto-generated *\/\n!function(d,l){\"use strict\";l.querySelector&&d.addEventListener&&\"undefined\"!=typeof URL&&(d.wp=d.wp||{},d.wp.receiveEmbedMessage||(d.wp.receiveEmbedMessage=function(e){var t=e.data;if((t||t.secret||t.message||t.value)&&!\/[^a-zA-Z0-9]\/.test(t.secret)){for(var s,r,n,a=l.querySelectorAll('iframe[data-secret=\"'+t.secret+'\"]'),o=l.querySelectorAll('blockquote[data-secret=\"'+t.secret+'\"]'),c=new RegExp(\"^https?:$\",\"i\"),i=0;i<o.length;i++)o[i].style.display=\"none\";for(i=0;i<a.length;i++)s=a[i],e.source===s.contentWindow&&(s.removeAttribute(\"style\"),\"height\"===t.message?(1e3<(r=parseInt(t.value,10))?r=1e3:~~r<200&&(r=200),s.height=r):\"link\"===t.message&&(r=new URL(s.getAttribute(\"src\")),n=new URL(t.value),c.test(n.protocol))&&n.host===r.host&&l.activeElement===s&&(d.top.location.href=t.value))}},d.addEventListener(\"message\",d.wp.receiveEmbedMessage,!1),l.addEventListener(\"DOMContentLoaded\",function(){for(var e,t,s=l.querySelectorAll(\"iframe.wp-embedded-content\"),r=0;r<s.length;r++)(t=(e=s[r]).getAttribute(\"data-secret\"))||(t=Math.random().toString(36).substring(2,12),e.src+=\"#?secret=\"+t,e.setAttribute(\"data-secret\",t)),e.contentWindow.postMessage({message:\"ready\",secret:t},\"*\")},!1)))}(window,document);\n\/* ]]> *\/\n<\/script>\n","description":"Il patron di Lativa, presidente di Aci Varese, \u00e8 stato nominato presidente di Sias Spa, la societ\u00e0 che gestisce il tempio della velocit\u00e0, sede di una delle gare di Formula Uno pi\u00f9 amate del mondo"}

Giuseppe Redaelli guiderà l'Autodromo di Monza

<blockquote class="wp-embedded-content" data-secret="41aVoCF3hz"><a href="https://www.varesenews.it/2017/05/giuseppe-redaelli-alla-guida-dellautodromo-di-monza/618108/">Giuseppe Redaelli guiderà l&#8217;Autodromo di Monza</a></blockquote><iframe sandbox="allow-scripts" security="restricted" src="https://www.varesenews.it/2017/05/giuseppe-redaelli-alla-guida-dellautodromo-di-monza/618108/embed/#?secret=41aVoCF3hz" width="600" height="338" title="&#8220;Giuseppe Redaelli guiderà l&#8217;Autodromo di Monza&#8221; &#8212; VareseNews" data-secret="41aVoCF3hz" frameborder="0" marginwidth="0" marginheight="0" scrolling="no" class="wp-embedded-content"></iframe><script type="text/javascript">
/* <![CDATA[ */
/*! This file is auto-generated */
!function(d,l){"use strict";l.querySelector&&d.addEventListener&&"undefined"!=typeof URL&&(d.wp=d.wp||{},d.wp.receiveEmbedMessage||(d.wp.receiveEmbedMessage=function(e){var t=e.data;if((t||t.secret||t.message||t.value)&&!/[^a-zA-Z0-9]/.test(t.secret)){for(var s,r,n,a=l.querySelectorAll('iframe[data-secret="'+t.secret+'"]'),o=l.querySelectorAll('blockquote[data-secret="'+t.secret+'"]'),c=new RegExp("^https?:$","i"),i=0;i<o.length;i++)o[i].style.display="none";for(i=0;i<a.length;i++)s=a[i],e.source===s.contentWindow&&(s.removeAttribute("style"),"height"===t.message?(1e3<(r=parseInt(t.value,10))?r=1e3:~~r<200&&(r=200),s.height=r):"link"===t.message&&(r=new URL(s.getAttribute("src")),n=new URL(t.value),c.test(n.protocol))&&n.host===r.host&&l.activeElement===s&&(d.top.location.href=t.value))}},d.addEventListener("message",d.wp.receiveEmbedMessage,!1),l.addEventListener("DOMContentLoaded",function(){for(var e,t,s=l.querySelectorAll("iframe.wp-embedded-content"),r=0;r<s.length;r++)(t=(e=s[r]).getAttribute("data-secret"))||(t=Math.random().toString(36).substring(2,12),e.src+="#?secret="+t,e.setAttribute("data-secret",t)),e.contentWindow.postMessage({message:"ready",secret:t},"*")},!1)))}(window,document);
/* ]]> */
</script>

Il patron di Lativa, presidente di Aci Varese, è stato nominato presidente di Sias Spa, la società che gestisce il tempio della velocità, sede di una delle gare di Formula Uno più amate del mondo
