{"version":"1.0","provider_name":"VareseNews","provider_url":"https:\/\/www.varesenews.it","author_name":"divisionebusiness","author_url":"https:\/\/www.varesenews.it\/persona\/divisionebusiness2\/","title":"Perch\u00e9 Roma \u00e8 chiamata la citt\u00e0 eterna?","type":"rich","width":600,"height":338,"html":"<blockquote class=\"wp-embedded-content\" data-secret=\"mPSPUOrvnY\"><a href=\"https:\/\/www.varesenews.it\/2020\/02\/perche-roma-chiamata-la-citta-eterna\/900001\/\">Perch\u00e9 Roma \u00e8 chiamata la citt\u00e0 eterna?<\/a><\/blockquote><iframe sandbox=\"allow-scripts\" security=\"restricted\" src=\"https:\/\/www.varesenews.it\/2020\/02\/perche-roma-chiamata-la-citta-eterna\/900001\/embed\/#?secret=mPSPUOrvnY\" width=\"600\" height=\"338\" title=\"&#8220;Perch\u00e9 Roma \u00e8 chiamata la citt\u00e0 eterna?&#8221; &#8212; VareseNews\" data-secret=\"mPSPUOrvnY\" frameborder=\"0\" marginwidth=\"0\" marginheight=\"0\" scrolling=\"no\" class=\"wp-embedded-content\"><\/iframe><script type=\"text\/javascript\">\n\/* <![CDATA[ *\/\n\/*! This file is auto-generated *\/\n!function(d,l){\"use strict\";l.querySelector&&d.addEventListener&&\"undefined\"!=typeof URL&&(d.wp=d.wp||{},d.wp.receiveEmbedMessage||(d.wp.receiveEmbedMessage=function(e){var t=e.data;if((t||t.secret||t.message||t.value)&&!\/[^a-zA-Z0-9]\/.test(t.secret)){for(var s,r,n,a=l.querySelectorAll('iframe[data-secret=\"'+t.secret+'\"]'),o=l.querySelectorAll('blockquote[data-secret=\"'+t.secret+'\"]'),c=new RegExp(\"^https?:$\",\"i\"),i=0;i<o.length;i++)o[i].style.display=\"none\";for(i=0;i<a.length;i++)s=a[i],e.source===s.contentWindow&&(s.removeAttribute(\"style\"),\"height\"===t.message?(1e3<(r=parseInt(t.value,10))?r=1e3:~~r<200&&(r=200),s.height=r):\"link\"===t.message&&(r=new URL(s.getAttribute(\"src\")),n=new URL(t.value),c.test(n.protocol))&&n.host===r.host&&l.activeElement===s&&(d.top.location.href=t.value))}},d.addEventListener(\"message\",d.wp.receiveEmbedMessage,!1),l.addEventListener(\"DOMContentLoaded\",function(){for(var e,t,s=l.querySelectorAll(\"iframe.wp-embedded-content\"),r=0;r<s.length;r++)(t=(e=s[r]).getAttribute(\"data-secret\"))||(t=Math.random().toString(36).substring(2,12),e.src+=\"#?secret=\"+t,e.setAttribute(\"data-secret\",t)),e.contentWindow.postMessage({message:\"ready\",secret:t},\"*\")},!1)))}(window,document);\n\/* ]]> *\/\n<\/script>\n","description":"Tantissime volte sentiamo dire che \u201cRoma \u00e8 la citt\u00e0 eterna\u201d, ma perch\u00e9? Noi stessi, istintivamente, forse per abitudine del sentito dire, l\u2019abbiamo definita cos\u00ec. Per conoscere il vero significato di questo appellativo, dobbiamo andare un attimo indietro nel tempo"}

Perché Roma è chiamata la città eterna?

<blockquote class="wp-embedded-content" data-secret="mPSPUOrvnY"><a href="https://www.varesenews.it/2020/02/perche-roma-chiamata-la-citta-eterna/900001/">Perché Roma è chiamata la città eterna?</a></blockquote><iframe sandbox="allow-scripts" security="restricted" src="https://www.varesenews.it/2020/02/perche-roma-chiamata-la-citta-eterna/900001/embed/#?secret=mPSPUOrvnY" width="600" height="338" title="&#8220;Perché Roma è chiamata la città eterna?&#8221; &#8212; VareseNews" data-secret="mPSPUOrvnY" frameborder="0" marginwidth="0" marginheight="0" scrolling="no" class="wp-embedded-content"></iframe><script type="text/javascript">
/* <![CDATA[ */
/*! This file is auto-generated */
!function(d,l){"use strict";l.querySelector&&d.addEventListener&&"undefined"!=typeof URL&&(d.wp=d.wp||{},d.wp.receiveEmbedMessage||(d.wp.receiveEmbedMessage=function(e){var t=e.data;if((t||t.secret||t.message||t.value)&&!/[^a-zA-Z0-9]/.test(t.secret)){for(var s,r,n,a=l.querySelectorAll('iframe[data-secret="'+t.secret+'"]'),o=l.querySelectorAll('blockquote[data-secret="'+t.secret+'"]'),c=new RegExp("^https?:$","i"),i=0;i<o.length;i++)o[i].style.display="none";for(i=0;i<a.length;i++)s=a[i],e.source===s.contentWindow&&(s.removeAttribute("style"),"height"===t.message?(1e3<(r=parseInt(t.value,10))?r=1e3:~~r<200&&(r=200),s.height=r):"link"===t.message&&(r=new URL(s.getAttribute("src")),n=new URL(t.value),c.test(n.protocol))&&n.host===r.host&&l.activeElement===s&&(d.top.location.href=t.value))}},d.addEventListener("message",d.wp.receiveEmbedMessage,!1),l.addEventListener("DOMContentLoaded",function(){for(var e,t,s=l.querySelectorAll("iframe.wp-embedded-content"),r=0;r<s.length;r++)(t=(e=s[r]).getAttribute("data-secret"))||(t=Math.random().toString(36).substring(2,12),e.src+="#?secret="+t,e.setAttribute("data-secret",t)),e.contentWindow.postMessage({message:"ready",secret:t},"*")},!1)))}(window,document);
/* ]]> */
</script>

Tantissime volte sentiamo dire che “Roma è la città eterna”, ma perché? Noi stessi, istintivamente, forse per abitudine del sentito dire, l’abbiamo definita così. Per conoscere il vero significato di questo appellativo, dobbiamo andare un attimo indietro nel tempo
