{"version":"1.0","provider_name":"VareseNews","provider_url":"https:\/\/www.varesenews.it","author_name":"Roberto Morandi","author_url":"https:\/\/www.varesenews.it\/persona\/roberto-morandi1\/","title":"Via ai lavori sull'edificio di via Marconi, mentre riapre il Crai","type":"rich","width":600,"height":338,"html":"<blockquote class=\"wp-embedded-content\" data-secret=\"IL7ONQUxxp\"><a href=\"https:\/\/www.varesenews.it\/2020\/08\/via-ai-lavori-sulledificio-via-marconi-riapre-crai\/955333\/\">Via ai lavori sull&#8217;edificio di via Marconi, mentre riapre il Crai<\/a><\/blockquote><iframe sandbox=\"allow-scripts\" security=\"restricted\" src=\"https:\/\/www.varesenews.it\/2020\/08\/via-ai-lavori-sulledificio-via-marconi-riapre-crai\/955333\/embed\/#?secret=IL7ONQUxxp\" width=\"600\" height=\"338\" title=\"&#8220;Via ai lavori sull&#8217;edificio di via Marconi, mentre riapre il Crai&#8221; &#8212; VareseNews\" data-secret=\"IL7ONQUxxp\" frameborder=\"0\" marginwidth=\"0\" marginheight=\"0\" scrolling=\"no\" class=\"wp-embedded-content\"><\/iframe><script type=\"text\/javascript\">\n\/* <![CDATA[ *\/\n\/*! This file is auto-generated *\/\n!function(d,l){\"use strict\";l.querySelector&&d.addEventListener&&\"undefined\"!=typeof URL&&(d.wp=d.wp||{},d.wp.receiveEmbedMessage||(d.wp.receiveEmbedMessage=function(e){var t=e.data;if((t||t.secret||t.message||t.value)&&!\/[^a-zA-Z0-9]\/.test(t.secret)){for(var s,r,n,a=l.querySelectorAll('iframe[data-secret=\"'+t.secret+'\"]'),o=l.querySelectorAll('blockquote[data-secret=\"'+t.secret+'\"]'),c=new RegExp(\"^https?:$\",\"i\"),i=0;i<o.length;i++)o[i].style.display=\"none\";for(i=0;i<a.length;i++)s=a[i],e.source===s.contentWindow&&(s.removeAttribute(\"style\"),\"height\"===t.message?(1e3<(r=parseInt(t.value,10))?r=1e3:~~r<200&&(r=200),s.height=r):\"link\"===t.message&&(r=new URL(s.getAttribute(\"src\")),n=new URL(t.value),c.test(n.protocol))&&n.host===r.host&&l.activeElement===s&&(d.top.location.href=t.value))}},d.addEventListener(\"message\",d.wp.receiveEmbedMessage,!1),l.addEventListener(\"DOMContentLoaded\",function(){for(var e,t,s=l.querySelectorAll(\"iframe.wp-embedded-content\"),r=0;r<s.length;r++)(t=(e=s[r]).getAttribute(\"data-secret\"))||(t=Math.random().toString(36).substring(2,12),e.src+=\"#?secret=\"+t,e.setAttribute(\"data-secret\",t)),e.contentWindow.postMessage({message:\"ready\",secret:t},\"*\")},!1)))}(window,document);\n\/* ]]> *\/\n<\/script>\n","description":"Aperto nella mattina di luned\u00ec 24 agosto il cantiere per il recupero dell'ex tessitura crollata due mesi fa. Il lento ritorno alla normalit\u00e0 di una comunit\u00e0 ferita dalla tragedia costata tre vite"}

Aperto nella mattina di lunedì 24 agosto il cantiere per il recupero dell'ex tessitura crollata due mesi fa. Il lento ritorno alla normalità di una comunità ferita dalla tragedia costata tre vite
